e factors of (-1406224)/(-30) - (-47)/3525*-10?
2, 23, 1019
Let q(b) = 4*b - 4*b + 9 + 301*b**2 - 287*b**2. Let g(u) = 3*u**2 + u - 1. Let m be g(1). What are the prime factors of q(m)?
3, 5
Suppose 3*o = -4*j + 6743, 10*j + 2*o - 6742 = 6*j. Suppose -j = -11*z + 7104. List the prime factors of z.
17, 47
Let g(f) = -6*f**3 + 3*f**2 - 5*f - 9. What are the prime factors of g(-11)?
5, 23, 73
Suppose f = -5, l + 24 - 57 = 3*f. Suppose -l*a + 72 = -774. List the prime factors of a.
47
Let d = 430 + 785. Suppose 0 = -2*c + d - 27. List the prime factors of c.
2, 3, 11
Let w be 9/(18/(-116))*-1. Let h = -39 + w. Suppose -34 - h = -o. List the prime factors of o.
53
Suppose -d + 4*l = -24, 3*d = -4*l + 85 - 29. Suppose 0 = -w + d*w - 17100. List the prime factors of w.
2, 3, 5
Let a(c) = 2*c**2 + 51*c + 1012. What are the prime factors of a(-79)?
3, 5, 631
Let g(k) = -73*k + 251. Let f = -628 - -616. What are the prime factors of g(f)?
7, 23
Suppose 4*d = -r + 223, 8*d - 281 = 3*d - 2*r. Let w = 343 - d. What are the prime factors of w?
2, 3
Let q(l) = 3*l**2 - 25*l + 6. Let z be q(8). Let p(f) = -50*f**3 - 3*f**2 - 2*f - 4. What are the prime factors of p(z)?
2, 97
Let n be -4*(2 + -4)*2/(-4). Let i = -5 - n. List the prime factors of i + -1 + 102 - (-7 - -7).
2, 5
Suppose 4*r + 517 - 2109 = 0. Let o = r - -292. What are the prime factors of o?
2, 3, 5, 23
Let c(m) be the third derivative of -m**4/4 + 3*m**3/2 - m**2. Suppose 0 = -2*v - 4*b - 18, -5*b = -5*v - 1 - 29. List the prime factors of c(v).
3, 17
Let d = -2485 + 1546. Let u = d + 1705. What are the prime factors of u?
2, 383
Let m(f) = 312*f**3 - 4*f**2 - 20*f + 45. Let n be m(2). Let i = -1469 + n. List the prime factors of i.
2, 127
Let v(u) = -65*u + 236. Let i be v(11). Let r = 1194 + i. List the prime factors of r.
5, 11, 13
List the prime factors of ((-32)/(-6) + -2)/(524722/(-14994) - -35).
3, 5, 7
What are the prime factors of 19/(570/(-75))*(-1 - 36538/10)?
9137
Let x(r) = r**3 + r**2 - 2*r + 79. Let y = -38 - -38. Suppose -v + y*v - 5*v = 0. List the prime factors of x(v).
79
Let y = -39 - -42. Suppose -s = -1, 634 + 690 = y*d + s. List the prime factors of d.
3, 7
Let s = -235 + 7062. What are the prime factors of s?
6827
Suppose 0 = 2*n - 2*q - 16, 3*n - 12 = -3*q - 0. Suppose 2*j - 109 = -p, -n*j + j = 4*p - 430. Let i = p + 67. What are the prime factors of i?
2, 43
Suppose 2*n = 4*k - 52, -4*k - 4*n + 28 = -0*k. Let s(w) = 7*w + 4*w**2 + 7*w**2 - 1 - k*w. List the prime factors of s(-2).
3, 17
Let v = 64 - 61. Suppose 0 = -v*z + 1532 - 281. List the prime factors of z.
3, 139
Let v(w) = -4*w**3 - 7*w**2 + 35*w + 5. Let h be v(5). List the prime factors of 5 - 2*h/2.
2, 5
Suppose -183688 = -53*c + 147721. What are the prime factors of c?
13, 37
Let h = -30649 + 63424. What are the prime factors of h?
3, 5, 19, 23
Suppose k - 2*v + 7*v + 8 = 0, 2*k = 3*v + 36. Suppose -3*u = -k, 3*u + 32 = -2*p + 148. What are the prime factors of p?
2, 13
Let o = 1122 + -676. Let p = o - 25. List the prime factors of p.
421
Suppose 32149 = 15*u - 2921. Suppose -8*h + 3342 = -u. What are the prime factors of h?
2, 5, 71
Let a = -26898 + 48544. What are the prime factors of a?
2, 79, 137
Let x = 582 - 99. Suppose -b + v = -114, b = -3*b - 5*v + x. Let k = b + -22. What are the prime factors of k?
5, 19
Let h(i) = -32*i + 14. Let x be h(-7). Let y = 427 + x. What are the prime factors of y?
5, 7, 19
Suppose 9702 = 4*o + v, -121*o + 116*o + 12120 = 5*v. Let p = o - 1403. What are the prime factors of p?
3, 11, 31
Let p(c) = c**3 + 5*c**2 - 2*c - 6. Let k be p(-5). Suppose -2*u - 2344 = -k*n, -5*u = -3*n - 245 + 2017. List the prime factors of n.
2, 73
Suppose 0 = -3*y - 5*v - 83, -2*v - v = -4*y - 101. Let r(i) = -9*i - 70. List the prime factors of r(y).
2, 41
Let s(z) = 2*z**3 - 2*z**2 + 40*z - 7. Let j(k) = -3*k**3 + 2*k**2 - 39*k + 8. Let x(y) = -3*j(y) - 4*s(y). List the prime factors of x(8).
2, 3, 5
Let q = -31073 - -44381. List the prime factors of q.
2, 3, 1109
Let j(v) = -4*v**2 - 8*v + 8. Suppose 3*d = -3*l + 5*l - 13, -5*l + 4*d = -29. Let g be j(l). Let c = g - -225. List the prime factors of c.
3, 31
Suppose 77 = 3*v - 5*h - 423, 4*h = v - 176. Suppose 26*z + v = 28*z. List the prime factors of z.
2, 5
Let o = -18 + 33. Let t(v) = -16*v + 708. Let c(x) = -15*x + 613. Let s(u) = -7*c(u) + 6*t(u). What are the prime factors of s(o)?
2, 23
Let l(i) = -192*i - 12. Let d(w) = -3*w - 1. Let v be d(0). What are the prime factors of l(v)?
2, 3, 5
Let l be 99/(-3 + -8) - (-22)/1. Suppose -r + 436 = c - 0*c, 5*c = 4*r - 1708. Suppose -l*k + r = -k. What are the prime factors of k?
2, 3
Suppose -23*d + 42829 + 32588 = 0. List the prime factors of d.
3, 1093
Suppose -11933 = -5*f + 3*g, 21*g = -4*f + 19*g + 9520. List the prime factors of f.
2383
Let j = 118 + -116. Suppose z = -5, 0 = y - j*z - 65 - 404. List the prime factors of y.
3, 17
Let w(g) = g**3 - 6*g**2 + 10*g - 31. Let i be w(13). Suppose i = 4*x - 518. List the prime factors of x.
2, 3, 5
Let u = 34703 + 14169. List the prime factors of u.
2, 41, 149
Suppose -5*z + 361 = 401. List the prime factors of 390/z*(-448)/168.
2, 5, 13
Suppose -11656 - 15091 = -2*h + 211. List the prime factors of h.
3, 4493
Suppose 0*l + 5*l - 46482 = n, -35 = 5*n. List the prime factors of l.
5, 11, 13
Let p(s) = s + 14. Let r be p(-9). Let j(a) = -5 - 18 - 24 + 20*a + 0*a + 0. List the prime factors of j(r).
53
Let w = -2711 - -3828. Suppose 948 = 3*c - i - 173, -3*c = -2*i - w. What are the prime factors of c?
3, 5
Let s = 6 - -440. Suppose -19*g + 1815 + s = 0. What are the prime factors of g?
7, 17
Let a(g) = -103*g**2 - 5*g + 1. Suppose -11 = 3*l - 17. Let b be a(l). Let x = 608 + b. What are the prime factors of x?
11, 17
Let j be (-2)/4 - 144/(-32). Suppose -j*k + 216 = -160. What are the prime factors of k?
2, 47
Let k be -7 + (-5 - -2)/(-3). Let v = 941 - 1109. What are the prime factors of (k - -5)*5 - v?
163
Let f be (1005/(-6))/((-3)/6). Suppose -5*p = -3*p - d - 245, -3*p - 5*d = -f. Let c = -9 + p. What are the prime factors of c?
3, 37
Let w(g) be the third derivative of -9*g**4/4 - 13*g**3/2 - 3*g**2 + g. List the prime factors of w(-11).
3, 5, 37
Let x(z) = z**3 - 8*z**2 - 8*z + 4. Let u(j) = j**3 - 12*j**2 + 3*j - 18. Let f be u(12). Suppose 5*g - f = 32. List the prime factors of x(g).
2, 31
Let p(j) = j**2 + 8*j + 10. Let l = -27 - -32. Suppose 3*y - 10 = 4*y - i, -4*y = -l*i + 42. What are the prime factors of p(y)?
2, 5
Let m(z) = 11*z - 109. Let y be m(10). What are the prime factors of 9/y*14950/69?
2, 3, 5, 13
Let h(r) = 431*r + 486. List the prime factors of h(2).
2, 337
Let c = 6741 - -13655. List the prime factors of c.
2, 5099
Let m be 4/22 - (-113960)/121. Suppose m = 3*i - 5*r, 3*i - 5*r = -i + 1256. List the prime factors of i.
2, 157
Let u(s) = 9*s**3 + 12*s**3 + 17 - 5*s + 11*s**3 + 11*s**3 + 15*s**2 - 42*s**3. List the prime factors of u(-14).
283
Suppose -5*b + 7135 = 4*u, -b + 0*u = u - 1428. List the prime factors of b.
1423
Suppose 48*s = 165682 - 55378. What are the prime factors of s?
2, 3, 383
Let g(q) = -2*q**2 + 10*q. Let c(d) = 1. Let t(m) = 2*c(m) - g(m). Suppose -28 = -269*l + 265*l. List the prime factors of t(l).
2, 3, 5
Let c(k) = 5*k - 27. Let w be c(9). List the prime factors of (-4)/w - (-76937)/63.
3, 11, 37
Let y(j) = j + 28. Let d be y(-8). Let b be 10/d + (-3578)/4. What are the prime factors of (-1)/(0 + 6/b)?
149
Let o(x) = 9*x - 34. Let r be o(10). Let w = -51 + r. Suppose 4*l - w*u - 257 = 446, -5*l + 854 = 2*u. List the prime factors of l.
2, 43
Suppose -4*a - 4*h = -6*h - 6, -7 = 2*a - 3*h. Suppose a*p = 5*x - 1025, -5*x + 1060 = -0*p + 3*p. What are the prime factors of x?
11, 19
Suppose -20*y - 644 = -41104. Let s = y + -1441. What are the prime factors of s?
2, 3, 97
Let x = -40 - -56. Suppose 3*b - 3*m = -x - 29, b + 5*m - 3 = 0. List the prime factors of (b/18)/(1/(-3)).
2
Suppose -99072 = -4*y + 4*h, -26*y + 30*y - 99078 = -2*h. What are the prime factors of y?
17, 31, 47
Let v(m) = m**2 - 7*m - 42. Let b be v(-4). Suppose -2*w + b*o + 510 = 0, 1047 = 5*w - w + 5*o. List the prime factors of w.
2, 3, 43
Let m(w) = w**2 - 7*w - 12. Let h be m(-9). Let g = -53 + h. Let f = 85 + g. Wha